*n - 2*z = 284, 6*n = 9*n + 4*z - 224. Let w = 269 + n. What is the hundreds digit of w?
3
Let q = -36737 - -63115. What is the hundreds digit of q?
3
Suppose 0*g - g + 305 = 0. Let d be (0 + -109)*(-4 - -2). Let j = g - d. What is the units digit of j?
7
What is the hundreds digit of (19196/6*18/16)/((-558)/(-744))?
7
Let a = 9919 + 16413. What is the ten thousands digit of a?
2
Suppose 235921 = 2*h + 5*h - 83916. What is the hundreds digit of h?
6
Let p = 12900 - 4245. Suppose -p = 11*o - 26*o. What is the units digit of o?
7
Let a(d) = 33*d + 15. Let p(j) = -11*j - 5. Let q(g) = 6*a(g) + 17*p(g). Let k = 259 - 250. What is the tens digit of q(k)?
0
Suppose 0 = 2*f + 4*q - 17492, -f + 39*q - 43*q = -8752. What is the units digit of f?
0
Suppose -15*b = 58963 - 257428. What is the thousands digit of b?
3
Let q = 91101 + -60076. What is the ten thousands digit of q?
3
Let z(l) = 216*l**2 - 16*l - 1. Let m be z(5). Suppose -m = 6*g + 2577. What is the tens digit of g/(-42)*(-6)/(-4)?
4
What is the ten thousands digit of 33/(-3) + (-432000)/(-40)?
1
Suppose -3*x = 2*c + 106, 2*x - 5*c + 43 = 4. What is the hundreds digit of x/(6 - (-62)/(-10))?
1
Suppose -10*j + 14*j + 2280 = 0. Let v = j - -1357. What is the hundreds digit of v?
7
Suppose -11*s = -s - 20. Suppose 24 = s*z - z + 3*f, 5*z - 4*f = 44. Let x = z - -14. What is the units digit of x?
6
Suppose 0 = 21*g - 9*g - 12384. Let z = g - 489. What is the units digit of z?
3
Let h(o) = -10*o - 54. Let g be h(-7). What is the units digit of 80/g*3/15*787?
7
Let v(h) = -7*h**2 - 47*h + 6*h**2 - 115 + 50. What is the units digit of v(-35)?
5
Suppose 0 = 5*g + 34*h - 37*h - 18388, 5*h + 5 = 0. What is the hundreds digit of g?
6
Let s(k) = -k**2 - k + 1. Let u(b) = -3*b**2 - 14*b - 8. Let d(h) = 4*s(h) - u(h). Let g be d(11). What is the tens digit of (g + 4/6)*(-4 - -43)?
6
Let x be (-2 - 4/(-10))*(-5)/(-2). Let g(w) = -8*w**3 - 6*w**2 - 2*w - 5. What is the tens digit of g(x)?
1
Let p be (-186)/(-45) + -4 + (-964)/30. Let g be p/12 - 3*(-4)/18. Let q(y) = -53*y + 4. What is the units digit of q(g)?
0
What is the ten thousands digit of (18/(-12) + 4)/((30/35124)/5)?
1
Let g be (4/(-12))/(-1) - 5463/27. Let q = g + 571. What is the units digit of q?
9
Suppose 53 = 4*j + 2*h - 87, -5*j = h - 181. Suppose 11*t + 33358 = j*t. What is the units digit of t?
3
What is the units digit of (27/(-12))/((-6)/17664)?
4
Let q(o) = 1257*o**3 - 6*o**2 + 8*o + 8. What is the tens digit of q(3)?
1
Suppose 4*l - 5*o + 11 + 9 = 0, -3*l - 16 = -4*o. Suppose l = n - 413 - 338. What is the hundreds digit of n?
7
Suppose -19*o = -6*o + 9*o - 66550. What is the units digit of o?
5
Let d(o) = -90*o + 29. Let y be 132/(-48) + (-3)/12. What is the hundreds digit of d(y)?
2
Suppose 4*v + 7210 = 4*a - 5762, -3*a + v + 9723 = 0. Suppose -6*j = -12*j + a. What is the tens digit of j?
4
Let h(s) = 73*s + 95. Let r(l) = l**3 - 5*l**2 + 10*l - 21. Let y be r(4). What is the hundreds digit of h(y)?
3
Let o(c) be the second derivative of c**4/12 + 5*c**3/6 - 3*c**2 + 13*c. Let s be o(-3). What is the tens digit of (-2002)/s + 6/36 + 0?
6
Let g = 162 - 160. Suppose 5*n - 1143 = -4*w, -n + g*w + 699 = 2*n. What is the units digit of n?
1
Let y be ((-9156)/48)/((-2)/(-24)). What is the tens digit of 8*y/(-28)*2?
0
Let q(l) = -l**2 - 5*l + 6. Suppose 2*c + 20 = -4*i + c, -3*c = -2*i - 24. Let s be q(i). What is the units digit of s + -2 + 1 - -61 - 3?
7
Let s(u) = u**2 - 23*u - 21. Let q be s(14). Let i = 44 - q. What is the units digit of i?
1
Let t = 1389 + -629. Let r = t + -382. Let p = -188 + r. What is the hundreds digit of p?
1
Let z = -18 + 21. Suppose 0 = -z*s + 11 + 4. Suppose 0 = -s*g + 249 - 24. What is the units digit of g?
5
What is the ten thousands digit of -40*2/((-60)/10518)?
1
Suppose 0 = 2*l + h - 59, -453*l - 2*h = -452*l - 37. Let n = -1 - -4. Let a = l - n. What is the units digit of a?
4
Let k(f) = f**3 - 7*f**2 + f - 11. Let v be k(7). Let l be -1*4/(-5)*(-10)/v. Suppose -l*s - 95 = -455. What is the hundreds digit of s?
1
Suppose -v + 2*o = -2890 + 839, -o + 8159 = 4*v. What is the hundreds digit of v?
0
Suppose -7*i + 1126216 = 45*i - 2885220. What is the ten thousands digit of i?
7
Let v = -108 + 111. Suppose v*g = -3*q - 21, 0*q - 3*q - 29 = 5*g. What is the units digit of 33/15 + q/15 + 140?
2
Let j(n) = 207*n**2 - 4*n + 2. Let a be j(2). Let z(b) = b**2 + 10*b - 34. Let d be z(3). Suppose d*o = 463 + a. What is the hundreds digit of o?
2
What is the tens digit of (144/(-14))/((-260)/107380)?
4
Let c(m) = -573*m + 1902. What is the units digit of c(-56)?
0
Suppose -22*p + 30*p - 9296 = 0. Let k = 2088 - p. What is the tens digit of k?
2
Let a = 6480 - 497. What is the units digit of a?
3
Suppose 4*m = -19*m + 3*m + 24820. What is the hundreds digit of m?
2
Let m(u) = -6*u**3 - 32*u**2 - 107*u - 6. What is the thousands digit of m(-9)?
2
Let u(l) = -30*l + 30 + 14 + 3*l**2 + 6 + 9*l. What is the units digit of u(14)?
4
Let s(i) = 4*i**3 + 5*i**2 + 8*i + 17. Let b be s(8). Suppose 0 = -23*z + 13075 - b. What is the tens digit of z?
6
Let n be -1*(492/66 - (-24)/44). Suppose o + 39 = -0*o. What is the units digit of n/52 - 8898/o?
8
Let o be (860/6)/((-4)/(-12)). Let c = o - -166. What is the hundreds digit of c?
5
Suppose 0 = g - 5*s + 77, 2*s = -2*g - 2*s - 168. Suppose -65*w + 84*w = -57. What is the units digit of (g/w)/((-4)/(-12))?
2
What is the hundreds digit of (-69328)/(-84)*63/6?
6
Suppose 5*i - r = 631, -r = -5*i - 3*r + 628. Suppose 0 = -m - x + 54, 2*m - 5*x - i = -x. What is the tens digit of m?
5
Let o(l) = 6*l**3 + 3*l**2 - 34*l + 65. What is the thousands digit of o(8)?
3
Let f(h) = -38*h**2 - 22*h + 6. Let b be f(5). Let m = b + 1652. What is the hundreds digit of m?
5
Suppose 4653774 - 5688043 - 12165027 = -352*m. What is the ten thousands digit of m?
3
Let s(f) = f + 4. Let m be s(-12). Let g be (-4 + 6)*772/m. What is the units digit of -8 + 7 + -4 - g?
8
Suppose 717 = -7*c - 536. Let b = 218 + c. What is the units digit of b?
9
Suppose 208*a = 109*a + 1306404. What is the tens digit of a?
9
Suppose 17*t - 27 = -10. What is the units digit of 185*t + (-104)/26?
1
Let g = -507 - -162. Let f = 2345 + -2877. Let k = g - f. What is the units digit of k?
7
Let z(b) be the second derivative of -1/4*b**5 + 21*b - 1/3*b**3 - 1/6*b**4 - 3/2*b**2 + 0. What is the units digit of z(-3)?
0
Let p(r) = r**3 + 8*r**2 - 228*r - 119. What is the hundreds digit of p(25)?
8
Let o = -218 + 221. Suppose -7 = -o*f + 14. What is the units digit of f?
7
Let t(w) = 96*w**3 - w**2 - 10*w. Let v be t(3). What is the tens digit of v/7 + 5/((-315)/(-18))?
6
Suppose -5*n - 41*s + 76873 = -37*s, -12 = 4*s. What is the ten thousands digit of n?
1
What is the hundreds digit of (-12)/15*(288450/20)/(-9)?
2
Let g be 4/24*2*24/(-2). What is the units digit of ((-626)/g + 0)*(5 + -3)?
3
What is the ten thousands digit of 7/(23 + 2999208/(-130404))?
1
Suppose -10*i + 7662 = -10*i + 6*i. What is the tens digit of i?
7
Let d(i) = 20*i**2 - 3*i + 26. Let s be d(-6). Let g = s - 536. What is the tens digit of g?
2
Suppose -5*l + 33 = 6*l. Suppose -t + 0*t - 2*m = -4, -l*m - 20 = -5*t. What is the tens digit of (69/t)/(-3)*(-13 + 9)?
2
Let f be -1*(2/(-4))/(7/(-14)). Let c be f + (0 + 0)/1. What is the hundreds digit of c + 4 + -1 - (-105 + 1)?
1
Let m = 8955 + -840. What is the units digit of m?
5
Let u be ((-5)/(-1))/(2/(-44) + 0). Let p be 56496/u - ((-6)/10 - -1). Let z = -331 - p. What is the hundreds digit of z?
1
Let t(q) = 2*q**3 - 4*q**2 + q + 354. What is the hundreds digit of t(14)?
0
Let t = -139 + 131. Let l(q) = -10*q + 43. What is the units digit of l(t)?
3
Suppose -197385 = -24*a + 66207. What is the hundreds digit of a?
9
Let c(q) = -q**2 + 19*q - 22. Let f(y) = -2*y**2 + 37*y - 43. Let d(x) = 5*c(x) - 2*f(x). What is the units digit of d(8)?
0
Let x be (-6)/9 - (197/(-3) - -1). Let a = -54 + x. Suppose -a = 3*s - 397. What is the hundreds digit of s?
1
Let c = -16266 - -71574. What is the tens digit of c?
0
Suppose -8*i - 16 = -10*i. Let j = i - 6. Suppose -a = j*t + 3*t - 30, 0 = -4*a - 3*t + 137. What is the units digit of a?
5
What is the thousands digit of (-29904)/(-9) - ((-6)/(-63) + (-45)/105)?
3
Let b b